{"id":1678,"date":"2022-01-13T21:04:54","date_gmt":"2022-01-13T21:04:54","guid":{"rendered":"https:\/\/www.vivasnet.ch\/stebler\/?page_id=1678"},"modified":"2022-01-13T21:43:12","modified_gmt":"2022-01-13T21:43:12","slug":"kunststoff-fraesen","status":"publish","type":"page","link":"https:\/\/www.vivasnet.ch\/stebler\/index.php\/kunststoff-fraesen\/","title":{"rendered":"Kunststoff fr\u00e4sen mit gr\u00f6sster Sorgfalt"},"content":{"rendered":"<p>[vc_row content_width=&#8220;grid&#8220; css=&#8220;.vc_custom_1642107258814{margin-top: 50px !important;margin-bottom: 50px !important;}&#8220;][vc_column][vc_column_text]<\/p>\n<h2>Pr\u00e4zise und massgeschneidert: Kunststoff fr\u00e4sen<\/h2>\n<p>Die A. Stebler AG als leistungsstarke Alu- und Metallgiesserei kann f\u00fcr Sie auch Kunststoff fr\u00e4sen. Daf\u00fcr setzt das Unternehmen neuste Verfahren und Maschinen ein, die beste Ergebnisse erm\u00f6glichen. Damit haben Sie einen zuverl\u00e4ssigen Partner an Ihrer Seite, wenn es darum geht, Kunststoff zu fr\u00e4sen.<\/p>\n<h3>Kunststoff fr\u00e4sen mit hinreichend grossem Spanraum<\/h3>\n<p>Wer sorgf\u00e4ltig Kunststoff fr\u00e4sen m\u00f6chte, sollte auf einen grossen Spanraum achten. Auf diese Weise kann bei den Fr\u00e4sarbeiten eine optimale Spanabfuhr garantiert werden, dank der die Wahrscheinlichkeit eines W\u00e4rmestaus ganz und gar verhindert wird. Ansonsten besteht die M\u00f6glichkeit, durch das Kunststoff-Fr\u00e4sen die Kunststoffteile zu besch\u00e4digen. Um dies zu gew\u00e4hrleisten, setzt die A. Stebler AG hochwertige Werkzeuge und ein kompetentes Team ein. Unabh\u00e4ngig davon, mit welcher Werkzeugart es f\u00fcr Sie Kunststoff fr\u00e4sten darf, stets sind die Ergebnisse massgenau. Abgesehen von einer hohen Schnittleistung \u00fcberzeugen die Resultate auch durch eine hohe Oberfl\u00e4cheng\u00fcte bei exzellenter Spanabfuhr.[\/vc_column_text][\/vc_column][\/vc_row][vc_row css=&#8220;.vc_custom_1642107275075{margin-bottom: 50px !important;background-image: url(https:\/\/www.vivasnet.ch\/stebler\/wp-content\/uploads\/2021\/06\/20190923_093458.jpg?id=999) !important;background-position: center !important;background-repeat: no-repeat !important;background-size: cover !important;}&#8220; el_class=&#8220;cta&#8220;][vc_column]\t<div class=\"qodef-call-to-action with-icon\" >\n\n\t\t\t\t<div class=\"qodef-container-inner\">\n\t\t\t\t\t<div class=\"qodef-call-to-action-row-75-25 clearfix\" style=\"padding: 40 0 40 0;\">\n\t\t\t\t\t\t<div class=\"qodef-text-wrapper qodef-call-to-action-column1 qodef-call-to-action-cell\">\n\t\t\t\t\t\t\t\t\t<div class=\"qodef-call-to-action-icon-holder\">\n\t\t\t\t\t\t<div class=\"qodef-call-to-action-icon\">\n\t\t\t\t\t\t\t<div class=\"qodef-call-to-action-icon-inner\"><\/div>\n\t\t\t\t\t\t<\/div>\n\t\t\t\t\t<\/div>\n\t\t\t\t\t\t\t\t\t<div class=\"qodef-call-to-action-text\" style=\"font-size: 40px\">Haben wir Ihr Interesse geweckt?<\/div>\n\t\t\t\t<\/div>\n\n\t\t\t\t\t\t\t\t\t<div class=\"qodef-button-wrapper qodef-call-to-action-column2 qodef-call-to-action-cell\" style =\"text-align: right ;\">\n\t\t\t\t\t\t<a href=\"index.php\/kontakt\/\" target=\"_self\"  class=\"qodef-btn qodef-btn-medium qodef-btn-solid\"  >    <span class=\"qodef-btn-text\">Jetzt kontaktieren<\/span>    <i class=\"qodef-icon-font-awesome fa  \" ><\/i><\/a>\t\t\t\t\t<\/div>\n\t\t\t\t\t\t\t<\/div>\n\t\t\t\t<\/div>\n\t\t\t<\/div>\n[\/vc_column][\/vc_row][vc_row content_width=&#8220;grid&#8220; css=&#8220;.vc_custom_1636665506516{margin-bottom: 100px !important;}&#8220;][vc_column][vc_column_text]<\/p>\n<h3>Kunststoff fr\u00e4sen unter Ber\u00fccksichtigung der Wirtschaftlichkeit<\/h3>\n<p>Selbstverst\u00e4ndlich geht es bei Produktionsprozessen nicht nur darum, erstklassige Ergebnisse beim Kunststoff-Fr\u00e4sen zu erzielen, sondern diese auch wirtschaftlich sinnvoll zu gestalten. Die A. Stebler AG bringt beide Aspekte zusammen, wenn sie f\u00fcr Sie Kunststoff fr\u00e4sen darf. Geschickt und versiert erfolgt die Auswahl der richtigen Arbeitsger\u00e4te. Sie werden von den Mitarbeitern gekonnt bedient, um eine hohe Qualit\u00e4t zu gew\u00e4hrleisten. Gleichzeitig entsprechen die Techniken zum Kunststoff fr\u00e4sen Ihren Anspr\u00fcchen hinsichtlich der Wirtschaftlichkeit. Es erstaunt daher nicht, dass sich immer mehr Betriebe dazu entscheiden, diesen Produktionsschritt auszulagern. Auf diese Weise lassen sich wertvolle Einsparungen realisieren, die Ihren Umsatz nachhaltig steigern k\u00f6nnen. Gern ber\u00e4t Sie die A. Stebler AG umfangreich, inwiefern sie f\u00fcr Sie Kunststoff fr\u00e4sen kann. Ihr individuelles Angebot wird Sie durch ein hervorragendes Preis-Leistungs-Verh\u00e4ltnis \u00fcberzeugen.<\/p>\n<h3>Kunststoff fr\u00e4sen lassen in einem traditionsreichen Betrieb<\/h3>\n<p>Die A. Stebler AG ist ein Schweizer Unternehmen mit viel Erfahrung. Aus diesem Grund kann das Traditionsunternehmen gelassen in die Zukunft blicken und Ihnen einen versierten Service bieten. Als Experte f\u00fcr Modellbau und Formenbau kann Ihnen der Fertigungsbetrieb eine vielf\u00e4ltige Dienstleistung rund um den Bereich Kunststoff-Fr\u00e4sen offerieren. Ohne Kompromisse geht das Team auf Ihre W\u00fcnsche und Anforderungen ein. Unter Verwendung von der fortschrittlichen CAD-Technik stellt die Giesserei Modelle und Formen her. Ganz gleich, ob es sich um den traditionellen Modellbau oder eine aufwendige 5-Achs-Simultanbearbeitung handelt: Der Betrieb kann Ihre W\u00fcnsche realisieren. Neben modernen Werkzeugen greift er auch gern auf die bew\u00e4hrte Handarbeit zur\u00fcck. Ein erfahrenes Team an Experten erm\u00f6glicht diese wertvolle Erg\u00e4nzung zu maschinellen Prozessen.<\/p>\n<h3>Kunststoff fr\u00e4sen vom Experten f\u00fcr Formenbau und Modellbau<\/h3>\n<p>Streng nach Ihren Anforderungskriterien ermittelt die A. Stebler AG die besten Verfahren, um f\u00fcr Sie Kunststoff zu fr\u00e4sen. Beachten Sie bitte, dass dem Betrieb neben Kunststoff beim Formenbau und Modellbauch auch andere Materialien zur Verf\u00fcgung stehen. Als Vergussmasse bringt der Fertigungsbetrieb fl\u00fcssige sowie temperaturresistente Kunststoffe sowie Halbfabrikate in die erforderliche Form. In der Giesserei werden zudem Sandformen f\u00fcr den Aluminiumguss in nahezu allen Gr\u00f6ssen angefertigt. Stets haben die Mitarbeiter den Fertigungsprozess komplett unter Kontrolle. Sie m\u00f6chten Kunststoff fr\u00e4sen lassen? Sprechen Sie die A. Stebler AG an.[\/vc_column_text][\/vc_column][\/vc_row]<\/p>\n","protected":false},"excerpt":{"rendered":"<p>[vc_row content_width=&#8220;grid&#8220; css=&#8220;.vc_custom_1642107258814{margin-top: 50px !important;margin-bottom: 50px !important;}&#8220;][vc_column][vc_column_text] Pr\u00e4zise und massgeschneidert: Kunststoff fr\u00e4sen Die A. Stebler AG als leistungsstarke Alu- und Metallgiesserei kann f\u00fcr Sie auch Kunststoff fr\u00e4sen. Daf\u00fcr setzt das Unternehmen neuste Verfahren und Maschinen ein, die beste Ergebnisse erm\u00f6glichen. Damit haben Sie einen zuverl\u00e4ssigen&#8230;<\/p>\n","protected":false},"author":2,"featured_media":0,"parent":0,"menu_order":0,"comment_status":"closed","ping_status":"closed","template":"full-width.php","meta":[],"yoast_head":"<!-- This site is optimized with the Yoast SEO plugin v17.9 - https:\/\/yoast.com\/wordpress\/plugins\/seo\/ -->\n<title>Kunststoff fr\u00e4sen mit gr\u00f6sster Sorgfalt - Stebler AG<\/title>\n<meta name=\"description\" content=\"Die A. Stebler AG als leistungsstarke Alu- und Metallgiesserei kann f\u00fcr Sie auch Kunststoff fr\u00e4sen.\" \/>\n<meta name=\"robots\" content=\"noindex, follow, max-snippet:-1, max-image-preview:large, max-video-preview:-1\" \/>\n<meta property=\"og:locale\" content=\"de_DE\" \/>\n<meta property=\"og:type\" content=\"article\" \/>\n<meta property=\"og:title\" content=\"Kunststoff fr\u00e4sen mit gr\u00f6sster Sorgfalt - Stebler AG\" \/>\n<meta property=\"og:description\" content=\"Die A. Stebler AG als leistungsstarke Alu- und Metallgiesserei kann f\u00fcr Sie auch Kunststoff fr\u00e4sen.\" \/>\n<meta property=\"og:url\" content=\"https:\/\/www.vivasnet.ch\/stebler\/index.php\/kunststoff-fraesen\/\" \/>\n<meta property=\"og:site_name\" content=\"Stebler AG\" \/>\n<meta property=\"article:modified_time\" content=\"2022-01-13T21:43:12+00:00\" \/>\n<meta name=\"twitter:card\" content=\"summary_large_image\" \/>\n<meta name=\"twitter:label1\" content=\"Est. reading time\" \/>\n\t<meta name=\"twitter:data1\" content=\"3 Minuten\" \/>\n<script type=\"application\/ld+json\" class=\"yoast-schema-graph\">{\"@context\":\"https:\/\/schema.org\",\"@graph\":[{\"@type\":\"WebSite\",\"@id\":\"https:\/\/www.vivasnet.ch\/stebler\/#website\",\"url\":\"https:\/\/www.vivasnet.ch\/stebler\/\",\"name\":\"Stebler AG\",\"description\":\"Ihre Idee, durch uns umgesetzt\",\"potentialAction\":[{\"@type\":\"SearchAction\",\"target\":{\"@type\":\"EntryPoint\",\"urlTemplate\":\"https:\/\/www.vivasnet.ch\/stebler\/?s={search_term_string}\"},\"query-input\":\"required name=search_term_string\"}],\"inLanguage\":\"de-CH\"},{\"@type\":\"WebPage\",\"@id\":\"https:\/\/www.vivasnet.ch\/stebler\/index.php\/kunststoff-fraesen\/#webpage\",\"url\":\"https:\/\/www.vivasnet.ch\/stebler\/index.php\/kunststoff-fraesen\/\",\"name\":\"Kunststoff fr\\u00e4sen mit gr\\u00f6sster Sorgfalt - Stebler AG\",\"isPartOf\":{\"@id\":\"https:\/\/www.vivasnet.ch\/stebler\/#website\"},\"datePublished\":\"2022-01-13T21:04:54+00:00\",\"dateModified\":\"2022-01-13T21:43:12+00:00\",\"description\":\"Die A. Stebler AG als leistungsstarke Alu- und Metallgiesserei kann f\\u00fcr Sie auch Kunststoff fr\\u00e4sen.\",\"breadcrumb\":{\"@id\":\"https:\/\/www.vivasnet.ch\/stebler\/index.php\/kunststoff-fraesen\/#breadcrumb\"},\"inLanguage\":\"de-CH\",\"potentialAction\":[{\"@type\":\"ReadAction\",\"target\":[\"https:\/\/www.vivasnet.ch\/stebler\/index.php\/kunststoff-fraesen\/\"]}]},{\"@type\":\"BreadcrumbList\",\"@id\":\"https:\/\/www.vivasnet.ch\/stebler\/index.php\/kunststoff-fraesen\/#breadcrumb\",\"itemListElement\":[{\"@type\":\"ListItem\",\"position\":1,\"name\":\"Home\",\"item\":\"https:\/\/www.vivasnet.ch\/stebler\/\"},{\"@type\":\"ListItem\",\"position\":2,\"name\":\"Kunststoff fr\\u00e4sen mit gr\\u00f6sster Sorgfalt\"}]}]}<\/script>\n<!-- \/ Yoast SEO plugin. -->","yoast_head_json":{"title":"Kunststoff fr\u00e4sen mit gr\u00f6sster Sorgfalt - Stebler AG","description":"Die A. Stebler AG als leistungsstarke Alu- und Metallgiesserei kann f\u00fcr Sie auch Kunststoff fr\u00e4sen.","robots":{"index":"noindex","follow":"follow","max-snippet":"max-snippet:-1","max-image-preview":"max-image-preview:large","max-video-preview":"max-video-preview:-1"},"og_locale":"de_DE","og_type":"article","og_title":"Kunststoff fr\u00e4sen mit gr\u00f6sster Sorgfalt - Stebler AG","og_description":"Die A. Stebler AG als leistungsstarke Alu- und Metallgiesserei kann f\u00fcr Sie auch Kunststoff fr\u00e4sen.","og_url":"https:\/\/www.vivasnet.ch\/stebler\/index.php\/kunststoff-fraesen\/","og_site_name":"Stebler AG","article_modified_time":"2022-01-13T21:43:12+00:00","twitter_card":"summary_large_image","twitter_misc":{"Est. reading time":"3 Minuten"},"schema":{"@context":"https:\/\/schema.org","@graph":[{"@type":"WebSite","@id":"https:\/\/www.vivasnet.ch\/stebler\/#website","url":"https:\/\/www.vivasnet.ch\/stebler\/","name":"Stebler AG","description":"Ihre Idee, durch uns umgesetzt","potentialAction":[{"@type":"SearchAction","target":{"@type":"EntryPoint","urlTemplate":"https:\/\/www.vivasnet.ch\/stebler\/?s={search_term_string}"},"query-input":"required name=search_term_string"}],"inLanguage":"de-CH"},{"@type":"WebPage","@id":"https:\/\/www.vivasnet.ch\/stebler\/index.php\/kunststoff-fraesen\/#webpage","url":"https:\/\/www.vivasnet.ch\/stebler\/index.php\/kunststoff-fraesen\/","name":"Kunststoff fr\u00e4sen mit gr\u00f6sster Sorgfalt - Stebler AG","isPartOf":{"@id":"https:\/\/www.vivasnet.ch\/stebler\/#website"},"datePublished":"2022-01-13T21:04:54+00:00","dateModified":"2022-01-13T21:43:12+00:00","description":"Die A. Stebler AG als leistungsstarke Alu- und Metallgiesserei kann f\u00fcr Sie auch Kunststoff fr\u00e4sen.","breadcrumb":{"@id":"https:\/\/www.vivasnet.ch\/stebler\/index.php\/kunststoff-fraesen\/#breadcrumb"},"inLanguage":"de-CH","potentialAction":[{"@type":"ReadAction","target":["https:\/\/www.vivasnet.ch\/stebler\/index.php\/kunststoff-fraesen\/"]}]},{"@type":"BreadcrumbList","@id":"https:\/\/www.vivasnet.ch\/stebler\/index.php\/kunststoff-fraesen\/#breadcrumb","itemListElement":[{"@type":"ListItem","position":1,"name":"Home","item":"https:\/\/www.vivasnet.ch\/stebler\/"},{"@type":"ListItem","position":2,"name":"Kunststoff fr\u00e4sen mit gr\u00f6sster Sorgfalt"}]}]}},"_links":{"self":[{"href":"https:\/\/www.vivasnet.ch\/stebler\/index.php\/wp-json\/wp\/v2\/pages\/1678"}],"collection":[{"href":"https:\/\/www.vivasnet.ch\/stebler\/index.php\/wp-json\/wp\/v2\/pages"}],"about":[{"href":"https:\/\/www.vivasnet.ch\/stebler\/index.php\/wp-json\/wp\/v2\/types\/page"}],"author":[{"embeddable":true,"href":"https:\/\/www.vivasnet.ch\/stebler\/index.php\/wp-json\/wp\/v2\/users\/2"}],"replies":[{"embeddable":true,"href":"https:\/\/www.vivasnet.ch\/stebler\/index.php\/wp-json\/wp\/v2\/comments?post=1678"}],"version-history":[{"count":1,"href":"https:\/\/www.vivasnet.ch\/stebler\/index.php\/wp-json\/wp\/v2\/pages\/1678\/revisions"}],"predecessor-version":[{"id":1679,"href":"https:\/\/www.vivasnet.ch\/stebler\/index.php\/wp-json\/wp\/v2\/pages\/1678\/revisions\/1679"}],"wp:attachment":[{"href":"https:\/\/www.vivasnet.ch\/stebler\/index.php\/wp-json\/wp\/v2\/media?parent=1678"}],"curies":[{"name":"wp","href":"https:\/\/api.w.org\/{rel}","templated":true}]}}