{"id":1145,"date":"2021-09-14T18:05:09","date_gmt":"2021-09-14T18:05:09","guid":{"rendered":"https:\/\/www.vivasnet.ch\/stebler\/?page_id=1145"},"modified":"2023-09-21T14:55:55","modified_gmt":"2023-09-21T14:55:55","slug":"ueber-uns","status":"publish","type":"page","link":"https:\/\/www.vivasnet.ch\/stebler\/index.php\/ueber-uns\/","title":{"rendered":"\u00dcber uns"},"content":{"rendered":"<p>[vc_row css=&#8220;.vc_custom_1639087472171{margin-top: 100px !important;margin-bottom: 100px !important;}&#8220;][vc_column width=&#8220;2\/3&#8243;][vc_column_text]<\/p>\n<h2>Aluguss &#8211; Formen &#8211; Prototypen<\/h2>\n<p>Die Firma A. Stebler AG ist Ihr kompetenter Partner rund um die Themen Aluminium Sandguss,\u00a0 Formen aller Art, Prototypen und allgemeine mechanische Teile Fertigung.<br \/>\nWir zeichnen uns durch unsere hilfsbereite Beratung, einen hohen Qualit\u00e4tsstandart und absolute Termintreue aus. Dadurch sind wir Ihr kompetenter Partner f\u00fcr Aluguss, Formen und Prototypen -auch wenn es einmal schnell gehen muss.<\/p>\n<p>Unsere motivierten Mitarbeiter arbeiten mit gr\u00f6sster Sorgfalt und k\u00f6nnen auf ein fundiertes Know-How, sowie einen modernen Maschinenpark zur\u00fcckgreifen.<br \/>\nSo wird Ihre Idee durch uns umgesetzt.[\/vc_column_text][\/vc_column][vc_column width=&#8220;1\/3&#8243;][vc_single_image image=&#8220;1647&#8243; img_size=&#8220;full&#8220;][\/vc_column][\/vc_row][vc_row css=&#8220;.vc_custom_1639087603089{margin-top: 100px !important;}&#8220;][vc_column width=&#8220;1\/3&#8243;][vc_gallery interval=&#8220;3&#8243; images=&#8220;1421,1422,1423,1424&#8243; img_size=&#8220;full&#8220;]\n<blockquote class=\"qodef-blockquote-shortcode\" style=\"width: 100%\" >\n\t<h4 class=\"qodef-blockquote-text\">\n\t<span><\/span>\n\t<\/h4>\n<\/blockquote>[\/vc_column][vc_column width=&#8220;2\/3&#8243;][vc_column_text]<\/p>\n<h2>Unsere Geschichte<\/h2>\n<ul>\n<li>Die A. Stebler AG mit Sitz in Egnach kann auf eine \u00fcber 100-j\u00e4hrige Geschichte zur\u00fcckblicken.<\/li>\n<li>1920 gr\u00fcndet Emil Stebler die E. Stebler AG und beginnt Giesserei- Modelle herzustellen.<\/li>\n<li>1930 wird aufgrund der Wirtschaftskrise auf den Bau von Ruder- Paddel- und Segelbooten umgestellt.<\/li>\n<li>1935 kommt die Produktion von Skiern dazu.<\/li>\n<li>1940 stellt der Betrieb auf die Herstellung von Modelier- und Verpackungsmaschinen um.<\/li>\n<li>1950 gr\u00fcndet Albert Stebler eine Aluminium Giesserei, f\u00fcr welche 13 Jahre sp\u00e4ter ein eigenes Geb\u00e4ude gebaut wird. Zu diesem Zeitpunkt besch\u00e4ftigt die A. Stebler AG 5 Mitarbeiter auf gerade mal 250m2.<\/li>\n<li>1992 baut die A. Stebler AG den neuen Sitz in Egnach.<\/li>\n<li>1996 wird die erste CNC Fr\u00e4smaschine sowie einen CAD Arbeitsplatz hinzugef\u00fcgt. Seither wird der Maschinen Park sowie die Infrastruktur laufend ausgebaut, um wettbewerbsf\u00e4hig zu bleiben.<\/li>\n<li>Mittlerweile arbeitet bereits die 4. Generation im Familienbetrieb.<\/li>\n<li>Um auch in Zukunft auf qualifizierte Mitarbeiter z\u00e4hlen zu k\u00f6nnen, bilden wir j\u00e4hrlich einen Formenbauer\/-in oder einen Formenpraktiker\/-in aus.<\/li>\n<\/ul>\n<p>[\/vc_column_text]<a href=\"https:\/\/www.swiss-form.ch\/fileadmin\/user_upload\/download\/Formenbauerin\/de\/Formenbauerin.pdf\" target=\"_self\" style=\"margin: 20px\" class=\"qodef-btn qodef-btn-medium qodef-btn-solid\"  >\n    <span class=\"qodef-btn-text\">Formenbauer\/in<\/span>\n    <\/a><a href=\"https:\/\/www.swiss-form.ch\/fileadmin\/user_upload\/download\/Formenpraktiker\/de\/Formenpraktikerin.pdf\" target=\"_self\"  class=\"qodef-btn qodef-btn-medium qodef-btn-solid\"  >\n    <span class=\"qodef-btn-text\">Formenpraktiker\/in<\/span>\n    <\/a>[\/vc_column][\/vc_row]<\/p>\n","protected":false},"excerpt":{"rendered":"<p>[vc_row css=&#8220;.vc_custom_1639087472171{margin-top: 100px !important;margin-bottom: 100px !important;}&#8220;][vc_column width=&#8220;2\/3&#8243;][vc_column_text] Aluguss &#8211; Formen &#8211; Prototypen Die Firma A. Stebler AG ist Ihr kompetenter Partner rund um die Themen Aluminium Sandguss,\u00a0 Formen aller Art, Prototypen und allgemeine mechanische Teile Fertigung. Wir zeichnen uns durch unsere hilfsbereite Beratung, einen hohen&#8230;<\/p>\n","protected":false},"author":2,"featured_media":0,"parent":0,"menu_order":0,"comment_status":"closed","ping_status":"closed","template":"","meta":[],"yoast_head":"<!-- This site is optimized with the Yoast SEO plugin v17.9 - https:\/\/yoast.com\/wordpress\/plugins\/seo\/ -->\n<title>\u00dcber uns - Stebler AG<\/title>\n<meta name=\"robots\" content=\"noindex, follow, max-snippet:-1, max-image-preview:large, max-video-preview:-1\" \/>\n<meta property=\"og:locale\" content=\"de_DE\" \/>\n<meta property=\"og:type\" content=\"article\" \/>\n<meta property=\"og:title\" content=\"\u00dcber uns - Stebler AG\" \/>\n<meta property=\"og:description\" content=\"[vc_row css=&#8220;.vc_custom_1639087472171{margin-top: 100px !important;margin-bottom: 100px !important;}&#8220;][vc_column width=&#8220;2\/3&#8243;][vc_column_text] Aluguss &#8211; Formen &#8211; Prototypen Die Firma A. Stebler AG ist Ihr kompetenter Partner rund um die Themen Aluminium Sandguss,\u00a0 Formen aller Art, Prototypen und allgemeine mechanische Teile Fertigung. Wir zeichnen uns durch unsere hilfsbereite Beratung, einen hohen...\" \/>\n<meta property=\"og:url\" content=\"https:\/\/www.vivasnet.ch\/stebler\/index.php\/ueber-uns\/\" \/>\n<meta property=\"og:site_name\" content=\"Stebler AG\" \/>\n<meta property=\"article:modified_time\" content=\"2023-09-21T14:55:55+00:00\" \/>\n<meta name=\"twitter:card\" content=\"summary_large_image\" \/>\n<meta name=\"twitter:label1\" content=\"Est. reading time\" \/>\n\t<meta name=\"twitter:data1\" content=\"2 Minuten\" \/>\n<script type=\"application\/ld+json\" class=\"yoast-schema-graph\">{\"@context\":\"https:\/\/schema.org\",\"@graph\":[{\"@type\":\"WebSite\",\"@id\":\"https:\/\/www.vivasnet.ch\/stebler\/#website\",\"url\":\"https:\/\/www.vivasnet.ch\/stebler\/\",\"name\":\"Stebler AG\",\"description\":\"Ihre Idee, durch uns umgesetzt\",\"potentialAction\":[{\"@type\":\"SearchAction\",\"target\":{\"@type\":\"EntryPoint\",\"urlTemplate\":\"https:\/\/www.vivasnet.ch\/stebler\/?s={search_term_string}\"},\"query-input\":\"required name=search_term_string\"}],\"inLanguage\":\"de-CH\"},{\"@type\":\"WebPage\",\"@id\":\"https:\/\/www.vivasnet.ch\/stebler\/index.php\/ueber-uns\/#webpage\",\"url\":\"https:\/\/www.vivasnet.ch\/stebler\/index.php\/ueber-uns\/\",\"name\":\"\\u00dcber uns - Stebler AG\",\"isPartOf\":{\"@id\":\"https:\/\/www.vivasnet.ch\/stebler\/#website\"},\"datePublished\":\"2021-09-14T18:05:09+00:00\",\"dateModified\":\"2023-09-21T14:55:55+00:00\",\"breadcrumb\":{\"@id\":\"https:\/\/www.vivasnet.ch\/stebler\/index.php\/ueber-uns\/#breadcrumb\"},\"inLanguage\":\"de-CH\",\"potentialAction\":[{\"@type\":\"ReadAction\",\"target\":[\"https:\/\/www.vivasnet.ch\/stebler\/index.php\/ueber-uns\/\"]}]},{\"@type\":\"BreadcrumbList\",\"@id\":\"https:\/\/www.vivasnet.ch\/stebler\/index.php\/ueber-uns\/#breadcrumb\",\"itemListElement\":[{\"@type\":\"ListItem\",\"position\":1,\"name\":\"Home\",\"item\":\"https:\/\/www.vivasnet.ch\/stebler\/\"},{\"@type\":\"ListItem\",\"position\":2,\"name\":\"\\u00dcber uns\"}]}]}<\/script>\n<!-- \/ Yoast SEO plugin. -->","yoast_head_json":{"title":"\u00dcber uns - Stebler AG","robots":{"index":"noindex","follow":"follow","max-snippet":"max-snippet:-1","max-image-preview":"max-image-preview:large","max-video-preview":"max-video-preview:-1"},"og_locale":"de_DE","og_type":"article","og_title":"\u00dcber uns - Stebler AG","og_description":"[vc_row css=&#8220;.vc_custom_1639087472171{margin-top: 100px !important;margin-bottom: 100px !important;}&#8220;][vc_column width=&#8220;2\/3&#8243;][vc_column_text] Aluguss &#8211; Formen &#8211; Prototypen Die Firma A. Stebler AG ist Ihr kompetenter Partner rund um die Themen Aluminium Sandguss,\u00a0 Formen aller Art, Prototypen und allgemeine mechanische Teile Fertigung. Wir zeichnen uns durch unsere hilfsbereite Beratung, einen hohen...","og_url":"https:\/\/www.vivasnet.ch\/stebler\/index.php\/ueber-uns\/","og_site_name":"Stebler AG","article_modified_time":"2023-09-21T14:55:55+00:00","twitter_card":"summary_large_image","twitter_misc":{"Est. reading time":"2 Minuten"},"schema":{"@context":"https:\/\/schema.org","@graph":[{"@type":"WebSite","@id":"https:\/\/www.vivasnet.ch\/stebler\/#website","url":"https:\/\/www.vivasnet.ch\/stebler\/","name":"Stebler AG","description":"Ihre Idee, durch uns umgesetzt","potentialAction":[{"@type":"SearchAction","target":{"@type":"EntryPoint","urlTemplate":"https:\/\/www.vivasnet.ch\/stebler\/?s={search_term_string}"},"query-input":"required name=search_term_string"}],"inLanguage":"de-CH"},{"@type":"WebPage","@id":"https:\/\/www.vivasnet.ch\/stebler\/index.php\/ueber-uns\/#webpage","url":"https:\/\/www.vivasnet.ch\/stebler\/index.php\/ueber-uns\/","name":"\u00dcber uns - Stebler AG","isPartOf":{"@id":"https:\/\/www.vivasnet.ch\/stebler\/#website"},"datePublished":"2021-09-14T18:05:09+00:00","dateModified":"2023-09-21T14:55:55+00:00","breadcrumb":{"@id":"https:\/\/www.vivasnet.ch\/stebler\/index.php\/ueber-uns\/#breadcrumb"},"inLanguage":"de-CH","potentialAction":[{"@type":"ReadAction","target":["https:\/\/www.vivasnet.ch\/stebler\/index.php\/ueber-uns\/"]}]},{"@type":"BreadcrumbList","@id":"https:\/\/www.vivasnet.ch\/stebler\/index.php\/ueber-uns\/#breadcrumb","itemListElement":[{"@type":"ListItem","position":1,"name":"Home","item":"https:\/\/www.vivasnet.ch\/stebler\/"},{"@type":"ListItem","position":2,"name":"\u00dcber uns"}]}]}},"_links":{"self":[{"href":"https:\/\/www.vivasnet.ch\/stebler\/index.php\/wp-json\/wp\/v2\/pages\/1145"}],"collection":[{"href":"https:\/\/www.vivasnet.ch\/stebler\/index.php\/wp-json\/wp\/v2\/pages"}],"about":[{"href":"https:\/\/www.vivasnet.ch\/stebler\/index.php\/wp-json\/wp\/v2\/types\/page"}],"author":[{"embeddable":true,"href":"https:\/\/www.vivasnet.ch\/stebler\/index.php\/wp-json\/wp\/v2\/users\/2"}],"replies":[{"embeddable":true,"href":"https:\/\/www.vivasnet.ch\/stebler\/index.php\/wp-json\/wp\/v2\/comments?post=1145"}],"version-history":[{"count":62,"href":"https:\/\/www.vivasnet.ch\/stebler\/index.php\/wp-json\/wp\/v2\/pages\/1145\/revisions"}],"predecessor-version":[{"id":1703,"href":"https:\/\/www.vivasnet.ch\/stebler\/index.php\/wp-json\/wp\/v2\/pages\/1145\/revisions\/1703"}],"wp:attachment":[{"href":"https:\/\/www.vivasnet.ch\/stebler\/index.php\/wp-json\/wp\/v2\/media?parent=1145"}],"curies":[{"name":"wp","href":"https:\/\/api.w.org\/{rel}","templated":true}]}}